-202*m = -192*m - 17480. What are the prime factors of m?
2, 19, 23
Let w(r) = -2*r - 6. Let g(v) = v**3 - 22*v**2 + 20*v + 19. Let c be g(21). Let i be w(c). List the prime factors of (7 - 6)/(i/(-70)).
5, 7
Let y(w) = 7*w - 77. Let z be y(13). Suppose 0 = 2*b - 185 + 69. Let v = b - z. What are the prime factors of v?
2, 11
Suppose 1073*b + 4624 = 1074*b. What are the prime factors of b?
2, 17
Let z(v) = -2*v**2 + 5. Let b be z(7). Let t be (30/(-4))/(-3)*-2. What are the prime factors of (0 - b) + 4 + t?
2, 23
Let y = 92 - 97. What are the prime factors of (-3)/((-13015)/2600 - y)?
2, 5, 13
Suppose 94988 = 4*k + 4*s, -3*k = 3*s + 10*s - 71171. List the prime factors of k.
2, 3, 37, 107
What are the prime factors of 12/(-8)*(-3245008)/156?
2, 15601
Suppose -2 = -2*b, 5*b + 7 = -0*f + f. List the prime factors of (-29)/174 + 2030/f.
13
Suppose 6*y - 29*y + 69 = 0. What are the prime factors of (y + 924/(-60))*(-60)/2?
2, 3, 31
Suppose b + 0*f + 5*f - 10 = 0, f + 24 = 5*b. Suppose -3*x + 3*t = 8*t - 1810, -b*t = x - 600. List the prime factors of x.
5, 11
Let c(l) be the first derivative of 2*l**3/3 - 2*l**2 - l + 19. Let z be ((-14)/(-8))/((-8)/(-32)). List the prime factors of c(z).
3, 23
Suppose 126*k - 140463 = 314775. What are the prime factors of k?
3613
Suppose 0 = 4*j - 6*m - 58892, m = -14*j + 16*j - 29450. What are the prime factors of j?
2, 37, 199
Suppose 6*k - 254 = -26. Let q = 16 - k. Let r = q + 114. List the prime factors of r.
2, 23
List the prime factors of 6/(-6)*((-5)/(-5)*1 + -29634).
29633
Let v = 1050 + -2392. What are the prime factors of 30/(-3) + 1 - v?
31, 43
Suppose 35*o + 146712 = 38*o. List the prime factors of o.
2, 6113
Let h be 2 - (0 - -2 - 0). Suppose h = 3*q - 2*q - 168. Suppose p + 2*p = q. List the prime factors of p.
2, 7
Let u be 8/(-80) - (-3)/30. Suppose 0 = -3*i - u + 12. Suppose 2*y - 2*n = -n + 87, -4*n + 144 = i*y. What are the prime factors of y?
41
Let a = 1186 - 758. What are the prime factors of a?
2, 107
Let q(m) = -2*m**3 + 64*m**2 + 6*m - 62. Let j be q(32). Let b = -133 - -215. Suppose 2*r - j = b. List the prime factors of r.
2, 53
Suppose -2*f + 5*w = -25, -w + 7 = 3*f + 12. Suppose f = 3*h - 484 + 34. What are the prime factors of h?
2, 3, 5
Let c = 850 + 1537. List the prime factors of c.
7, 11, 31
Let h(w) = 2*w**3 + 6*w**2 + 6*w + 1. Let l be h(-4). Let o be (4 + l/10)*28/(-6). Suppose -o*s - 411 + 1405 = 0. List the prime factors of s.
2, 71
Suppose -20*g + 360570 = 14*g. Suppose 32*r = 25*r + g. List the prime factors of r.
3, 5, 101
Suppose 0 = 5*i + 22 - 2. Let v be i/(-10) + 292/20. Let a(d) = d**3 - 15*d**2 + 5*d + 9. List the prime factors of a(v).
2, 3, 7
Let b(g) = -7*g**3 + g**2 + g + 4. Let k be -3*(4/30)/((-9)/45). Suppose -k*u + 3*u = -2. List the prime factors of b(u).
2, 31
Let c = 423 + 450. List the prime factors of c.
3, 97
Let k = 79 + -77. Suppose -259 = -k*x + 3*j, 0 = -2*x - 0*x - j + 239. Let s = 239 - x. What are the prime factors of s?
3, 13
Let u = -11279 - -22013. List the prime factors of u.
2, 3, 1789
Let c be (-7709)/(-3) + (-7)/(-21). Suppose 8*b - 12*b - 1740 = -2*z, -4*b = 3*z - c. What are the prime factors of z?
2, 431
Let a(t) = -3*t**3 - 3*t**2 + 6*t - 5. Let p(j) = 3*j. Let y be p(1). Let b be a(y). Let c = 117 + b. List the prime factors of c.
2, 11
Suppose 0 = -3*o - o - 3*u - 33, 4*o = -2*u - 38. What are the prime factors of 10/15 + (-1420)/o?
7, 17
Let y = 18 - 15. Suppose c = -3*l + 1, y = 2*c + 4*l + 1. List the prime factors of 95 + (-3 - -2)*c.
2, 47
Suppose 3*u = 3*n + 7*u, -4*n + 25 = -3*u. Suppose 8 = n*p, b - 15 = 2*p - 7*p. Suppose -88 = -b*d - 3*d. What are the prime factors of d?
11
Suppose -5*y + 10*o + 534 = 6*o, y = 5*o + 90. Suppose 3*n + 90 = 2*u + 13, 4*n + u = -y. Let f = 87 + n. List the prime factors of f.
2, 3, 5
Let c = -69 + 76. What are the prime factors of (((-182)/(-10))/c + 5)*25?
2, 5, 19
Let s = 11 - 15. Let w be 0/s + 2 + 141. Suppose -w = -10*c + 77. List the prime factors of c.
2, 11
Let r(p) = 59*p**3 - 13*p**2 - 19*p + 6. What are the prime factors of r(7)?
3, 6491
Let d(l) = 87*l**2 + 10*l + 12. Let t(v) = 174*v**2 + 21*v + 26. Let c(o) = 13*d(o) - 6*t(o). What are the prime factors of c(3)?
3, 5, 53
Let d = -3875 + 8633. What are the prime factors of d?
2, 3, 13, 61
Suppose 399 + 1050 = -23*i. Let o = 352 + i. What are the prime factors of o?
17
Let k(w) = -470*w + 1532. List the prime factors of k(-32).
2, 3, 1381
Let r(a) = a**2 + 15*a - 98. Let v be r(-20). Suppose -5*y + 429 = -v*y. List the prime factors of y.
11, 13
Suppose 0 = 23*r - 18*r - 20. Suppose 2*o + r*t - 1040 = 0, -t + 4*t - 521 = -o. What are the prime factors of (o/(-6))/(-1) + (-12)/(-18)?
3, 29
Let d(i) = -4*i**3 + 7*i**2 + 70*i + 540. What are the prime factors of d(-14)?
2, 13, 229
Let x(s) = 682*s + 1388. What are the prime factors of x(7)?
2, 3, 13, 79
Let j(u) be the first derivative of u**4/2 + 17*u**3 + 9*u**2/2 - 10*u + 101. What are the prime factors of j(-25)?
2, 3, 5, 13
Let t(n) = 1352*n**3 + 7*n**2 + 14*n - 33. List the prime factors of t(2).
3, 3613
Let b be (3/(-2))/((-15)/40). Let y be -4*(14/b - 1). List the prime factors of (2 - 6) + 4 - y.
2, 5
Let f = 17188 - 4085. List the prime factors of f.
13103
Let a be (-3)/((-9)/(-3))*0. Suppose -x + 341 = -5*k, 4*k + 20 = -a*k. What are the prime factors of x?
2, 79
What are the prime factors of ((1050/40)/(-3) - -9) + (-20718)/(-8)?
2, 5, 7, 37
Let t = 170 - 77. Suppose t*u - 394 = 92*u. What are the prime factors of u?
2, 197
Suppose -274*o + 544794 = -216*o. What are the prime factors of o?
3, 31, 101
Let t(c) = 11*c + 6. Let b be t(3). Suppose 4*n - b = i, -4*i = -4*n - 5*i + 49. Let f = 3 + n. What are the prime factors of f?
2, 7
List the prime factors of (2 + -10940)/(43/(-129)).
2, 3, 1823
Let r = 46 - 39. Let x(n) = n**3 - 7*n**2 + n - 1. Let f be x(r). Suppose f*q = 27 + 285. List the prime factors of q.
2, 13
Let u(d) = 524*d**2 - 2*d + 1. Let t be u(-2). Suppose -t = -9*i + 5. What are the prime factors of i?
2, 3, 13
Let c = 18 - 13. Suppose 3*l - 26 = c*t - 2, -4*l + 21 = -3*t. What are the prime factors of (2 - (-14)/l)*672/70?
2
What are the prime factors of 24/(23/(115/10)) - -7583?
5, 7, 31
Let a be 20/8*(4 - 11568/5). What are the prime factors of a/(-6) + -6 + (-102)/(-18)?
2, 13, 37
Let q(k) = -7*k**2 + 12*k + 25. Let b be q(17). What are the prime factors of b/(-2) + 0/(-3)?
3, 13, 23
List the prime factors of 64*(-14)/42*-192.
2
Suppose 4*y - 838 = -2*s, -3*y + 282 + 345 = 2*s. Suppose -3*m + 3*f - 441 = 0, 0 = 3*m + m + 5*f + 552. Let t = m + y. List the prime factors of t.
2, 17
Suppose -8*w = -5*w + 1434. Let a = 827 + w. List the prime factors of a.
349
What are the prime factors of (-2)/(2/9) + (30939 - -36)?
2, 3, 13, 397
List the prime factors of 7/(-8 + 1) - (8 - 1458).
3, 7, 23
Suppose -3*k + 22509 = -q, k - q + 3960 = 11467. List the prime factors of k.
13, 577
Let m be (-9 - -2)*1396/(-28) - -6. Let p = -2 - -2. Suppose p = -4*t - t + m. List the prime factors of t.
71
Let i be ((-78)/(-65))/(2/5). Suppose -i*l + 5*k + 505 + 320 = 0, -4*l + 1117 = -k. Suppose -47 = a - l. List the prime factors of a.
233
Suppose 0 = -50*z + 49*z + 125. List the prime factors of 10925/z + 3/5.
2, 11
Let r be (0 + 1)/(1/2). Suppose r*w = 31 - 23. What are the prime factors of 54*2/w - 3?
2, 3
Suppose -2*h + 27126 = -4*b, 71*h - 73*h = -5*b - 27123. List the prime factors of h.
3, 4523
List the prime factors of -5*(-463336)/560 + (-2)/(-28).
3, 7, 197
What are the prime factors of (648455/(-110) + (-84)/(-154))*-4?
2, 11789
Suppose 6*g = 5589 - 471. Let i = g - 257. What are the prime factors of i?
2, 149
Let b(g) = 18*g + 53. Suppose -208 = -3*c - 5*c. List the prime factors of b(c).
521
Suppose -40*n - 64*n = -99*n - 198665. List the prime factors of n.
39733
Suppose 60 = -t + 21*t. Suppose -4*k = 11*b - 8*b - 154, -t*k + 5*b = -101. List the prime factors of k.
37
Suppose -36*c - 24 = -24*c. What are the prime factors of ((-10 - -13) + -4)/(c/1448)?
2, 181
List the prime factors of (1621/(-3))/(129/(-15093)).
3, 13, 1621
Let d(s) = -404*s - 11. Let a(r) = -270*r - 8. Let f(o) = -8*a(o) + 5*d(o). What are the prime factors of f(1)?
149
Let j be 3/9 - 202